CRAN Package Check Results for Package ggm

Last updated on 2023-12-11 12:52:11 CET.

Flavor Version Tinstall Tcheck Ttotal Status Flags
r-devel-linux-x86_64-debian-clang 2.5 12.85 79.95 92.80 NOTE
r-devel-linux-x86_64-debian-gcc 2.5 9.59 60.44 70.03 NOTE
r-devel-linux-x86_64-fedora-clang 2.5 111.90 NOTE
r-devel-linux-x86_64-fedora-gcc 2.5 110.17 NOTE
r-devel-windows-x86_64 2.5 10.00 89.00 99.00 NOTE
r-patched-linux-x86_64 2.5 12.32 79.26 91.58 NOTE
r-release-linux-x86_64 2.5 8.69 79.35 88.04 NOTE
r-release-macos-arm64 2.5 41.00 NOTE
r-release-macos-x86_64 2.5 68.00 NOTE
r-release-windows-x86_64 2.5 13.00 103.00 116.00 NOTE
r-oldrel-macos-arm64 2.5 47.00 OK
r-oldrel-macos-x86_64 2.5 51.00 NOTE
r-oldrel-windows-x86_64 2.5 13.00 107.00 120.00 OK

Check Details

Version: 2.5
Check: Rd files
Result: NOTE checkRd: (-1) In.Rd:21: Escaped LaTeX specials: \& checkRd: (-1) InducedGraphs.Rd:49: Escaped LaTeX specials: \& checkRd: (-1) InducedGraphs.Rd:86: Escaped LaTeX specials: \& checkRd: (-1) InducedGraphs.Rd:87: Escaped LaTeX specials: \& checkRd: (-1) InducedGraphs.Rd:89: Escaped LaTeX specials: \& checkRd: (-1) bfsearch.Rd:20: Escaped LaTeX specials: \& checkRd: (-1) bfsearch.Rd:30: Escaped LaTeX specials: \& checkRd: (-1) bfsearch.Rd:33: Escaped LaTeX specials: \& checkRd: (-1) checkIdent.Rd:29: Escaped LaTeX specials: \& checkRd: (-1) checkIdent.Rd:34: Escaped LaTeX specials: \& checkRd: (-1) correlations.Rd:22: Escaped LaTeX specials: \& checkRd: (-1) correlations.Rd:23: Escaped LaTeX specials: \& checkRd: (-1) cycleMatrix.Rd:27: Escaped LaTeX specials: \& checkRd: (-1) drawGraph.Rd:54: Escaped LaTeX specials: \& checkRd: (-1) edgematrix.Rd:35: Escaped LaTeX specials: \& checkRd: (-1) fitConGraph.Rd:44: Escaped LaTeX specials: \& checkRd: (-1) fitCovGraph.Rd:59: Escaped LaTeX specials: \& checkRd: (-1) fitDag.Rd:37: Escaped LaTeX specials: \& checkRd: (-1) fitDag.Rd:38: Escaped LaTeX specials: \& checkRd: (-1) fundCycles.Rd:27: Escaped LaTeX specials: \& checkRd: (-1) glucose.Rd:47: Escaped LaTeX specials: \& checkRd: (-1) glucose.Rd:48: Escaped LaTeX specials: \& checkRd: (-1) icf.Rd:38: Escaped LaTeX specials: \& checkRd: (-1) icf.Rd:44: Escaped LaTeX specials: \& checkRd: (-1) isAcyclic.Rd:20: Escaped LaTeX specials: \& checkRd: (-1) isGident.Rd:24: Escaped LaTeX specials: \& checkRd: (-1) isGident.Rd:31: Escaped LaTeX specials: \& checkRd: (-1) isGident.Rd:32: Escaped LaTeX specials: \& checkRd: (-1) parcor.Rd:24: Escaped LaTeX specials: \& checkRd: (-1) parcor.Rd:25: Escaped LaTeX specials: \& checkRd: (-1) rcorr.Rd:24: Escaped LaTeX specials: \& checkRd: (-1) rnormDag.Rd:36: Escaped LaTeX specials: \& checkRd: (-1) rnormDag.Rd:37: Escaped LaTeX specials: \& checkRd: (-1) stress.Rd:24: Escaped LaTeX specials: \& checkRd: (-1) stress.Rd:25: Escaped LaTeX specials: \& checkRd: (-1) topSort.Rd:35: Escaped LaTeX specials: \& checkRd: (-1) triDec.Rd:34: Escaped LaTeX specials: \& checkRd: (-1) triDec.Rd:35: Escaped LaTeX specials: \& Flavors: r-devel-linux-x86_64-debian-clang, r-devel-linux-x86_64-debian-gcc, r-devel-linux-x86_64-fedora-clang, r-devel-linux-x86_64-fedora-gcc, r-devel-windows-x86_64, r-patched-linux-x86_64, r-release-linux-x86_64, r-release-macos-arm64, r-release-macos-x86_64, r-release-windows-x86_64

Version: 2.5
Check: Rd contents
Result: NOTE Argument items with no description in Rd file 'isADMG.Rd': ‘amat’ Argument items with no description in Rd file 'isAG.Rd': ‘amat’ Flavors: r-devel-linux-x86_64-debian-clang, r-devel-linux-x86_64-debian-gcc, r-devel-linux-x86_64-fedora-clang, r-devel-linux-x86_64-fedora-gcc, r-devel-windows-x86_64

Version: 2.5
Check: dependencies in R code
Result: NOTE Namespace in Imports field not imported from: ‘graph’ All declared Imports should be used. Flavors: r-devel-linux-x86_64-fedora-clang, r-devel-linux-x86_64-fedora-gcc, r-oldrel-macos-x86_64