Last updated on 2023-11-29 05:52:18 CET.
Flavor | Version | Tinstall | Tcheck | Ttotal | Status | Flags |
---|---|---|---|---|---|---|
r-devel-linux-x86_64-debian-clang | 0.4.0 | 4.64 | 51.59 | 56.23 | OK | |
r-devel-linux-x86_64-debian-gcc | 0.4.0 | 3.16 | 39.29 | 42.45 | OK | |
r-devel-linux-x86_64-fedora-clang | 0.4.0 | 68.86 | NOTE | |||
r-devel-linux-x86_64-fedora-gcc | 0.4.0 | 78.19 | NOTE | |||
r-devel-windows-x86_64 | 0.4.0 | 5.00 | 65.00 | 70.00 | OK | |
r-patched-linux-x86_64 | 0.4.0 | 4.41 | 49.54 | 53.95 | OK | |
r-release-linux-x86_64 | 0.4.0 | 3.62 | 48.95 | 52.57 | OK | |
r-release-macos-arm64 | 0.4.0 | 58.00 | OK | |||
r-release-macos-x86_64 | 0.4.0 | 78.00 | OK | |||
r-release-windows-x86_64 | 0.4.0 | 6.00 | 81.00 | 87.00 | OK | |
r-oldrel-macos-arm64 | 0.4.0 | 50.00 | OK | |||
r-oldrel-macos-x86_64 | 0.3.5 | 58.00 | OK | |||
r-oldrel-windows-x86_64 | 0.4.0 | 7.00 | 72.00 | 79.00 | OK |
Version: 0.4.0
Check: data for non-ASCII characters
Result: NOTE
Note: found 1178 marked UTF-8 strings
Flavors: r-devel-linux-x86_64-fedora-clang, r-devel-linux-x86_64-fedora-gcc