CRAN Package Check Results for Package giscoR

Last updated on 2022-05-18 00:53:14 CEST.

Flavor Version Tinstall Tcheck Ttotal Status Flags
r-devel-linux-x86_64-debian-clang 0.3.1 4.16 67.10 71.26 OK
r-devel-linux-x86_64-debian-gcc 0.3.1 3.03 50.35 53.38 OK
r-devel-linux-x86_64-fedora-clang 0.3.1 82.14 NOTE
r-devel-linux-x86_64-fedora-gcc 0.3.1 80.10 NOTE
r-devel-windows-x86_64 0.3.1 26.00 85.00 111.00 OK
r-patched-linux-x86_64 0.3.1 4.76 63.88 68.64 OK
r-release-linux-x86_64 0.3.1 4.07 62.43 66.50 OK
r-release-macos-arm64 0.3.1 31.00 NOTE
r-release-macos-x86_64 0.3.1 47.00 NOTE
r-release-windows-x86_64 0.3.1 22.00 87.00 109.00 OK
r-oldrel-macos-arm64 0.3.1 39.00 NOTE
r-oldrel-macos-x86_64 0.3.1 45.00 NOTE
r-oldrel-windows-ix86+x86_64 0.3.1 10.00 76.00 86.00 OK

Check Details

Version: 0.3.1
Check: data for non-ASCII characters
Result: NOTE
     Note: found 1178 marked UTF-8 strings
Flavors: r-devel-linux-x86_64-fedora-clang, r-devel-linux-x86_64-fedora-gcc, r-release-macos-arm64, r-release-macos-x86_64, r-oldrel-macos-arm64, r-oldrel-macos-x86_64