Last updated on 2023-03-29 23:56:44 CEST.
Flavor | Version | Tinstall | Tcheck | Ttotal | Status | Flags |
---|---|---|---|---|---|---|
r-devel-linux-x86_64-debian-clang | 1.4.2 | 10.57 | 259.35 | 269.92 | OK | |
r-devel-linux-x86_64-debian-gcc | 1.4.2 | 8.40 | 191.65 | 200.05 | OK | |
r-devel-linux-x86_64-fedora-clang | 1.4.2 | 322.31 | NOTE | |||
r-devel-linux-x86_64-fedora-gcc | 1.4.2 | 337.45 | OK | |||
r-devel-windows-x86_64 | 1.4.2 | 60.00 | 0.00 | 60.00 | NOTE | |
r-patched-linux-x86_64 | 1.4.2 | 15.63 | 242.76 | 258.39 | OK | |
r-release-linux-x86_64 | 1.4.2 | 8.29 | 243.22 | 251.51 | OK | |
r-release-macos-arm64 | 1.4.2 | 81.00 | NOTE | |||
r-release-macos-x86_64 | 1.4.2 | 116.00 | NOTE | |||
r-release-windows-x86_64 | 1.4.2 | 55.00 | 287.00 | 342.00 | NOTE | |
r-oldrel-macos-arm64 | 1.4.2 | 81.00 | NOTE | |||
r-oldrel-macos-x86_64 | 1.4.2 | 113.00 | NOTE | |||
r-oldrel-windows-ix86+x86_64 | 1.4.2 | 23.00 | 311.00 | 334.00 | NOTE |
Version: 1.4.2
Check: installed package size
Result: NOTE
installed size is 5.5Mb
sub-directories of 1Mb or more:
doc 5.1Mb
Flavors: r-devel-linux-x86_64-fedora-clang, r-devel-windows-x86_64, r-release-macos-arm64, r-release-macos-x86_64, r-release-windows-x86_64, r-oldrel-macos-arm64, r-oldrel-macos-x86_64, r-oldrel-windows-ix86+x86_64