CRAN Package Check Results for Package hypervolume

Last updated on 2022-09-30 08:54:10 CEST.

Flavor Version Tinstall Tcheck Ttotal Status Flags
r-devel-linux-x86_64-debian-clang 3.0.4 91.34 518.35 609.69 OK
r-devel-linux-x86_64-debian-gcc 3.0.4 68.50 376.07 444.57 OK
r-devel-linux-x86_64-fedora-clang 3.0.4 749.68 NOTE
r-devel-linux-x86_64-fedora-gcc 3.0.4 712.28 OK
r-devel-windows-x86_64 3.0.4 172.00 547.00 719.00 OK
r-patched-linux-x86_64 3.0.4 62.16 493.38 555.54 OK
r-release-linux-x86_64 3.0.4 56.16 473.80 529.96 OK
r-release-macos-arm64 3.0.4 173.00 OK
r-release-macos-x86_64 3.0.4 246.00 OK
r-release-windows-x86_64 3.0.4 251.00 576.00 827.00 OK
r-oldrel-macos-arm64 3.0.4 163.00 OK
r-oldrel-macos-x86_64 3.0.4 240.00 OK
r-oldrel-windows-ix86+x86_64 3.0.4 196.00 713.00 909.00 OK

Check Details

Version: 3.0.4
Check: package dependencies
Result: NOTE
    Imports includes 22 non-default packages.
    Importing from so many packages makes the package vulnerable to any of
    them becoming unavailable. Move as many as possible to Suggests and
    use conditionally.
Flavor: r-devel-linux-x86_64-fedora-clang