Last updated on 2023-05-30 17:56:40 CEST.
Flavor | Version | Tinstall | Tcheck | Ttotal | Status | Flags |
---|---|---|---|---|---|---|
r-devel-linux-x86_64-debian-clang | 0.4 | 16.92 | 105.75 | 122.67 | NOTE | |
r-devel-linux-x86_64-debian-gcc | 0.4 | 13.33 | 79.78 | 93.11 | NOTE | |
r-devel-linux-x86_64-fedora-clang | 0.4 | 149.27 | NOTE | |||
r-devel-linux-x86_64-fedora-gcc | 0.4 | 141.93 | NOTE | |||
r-devel-windows-x86_64 | 0.4 | 16.00 | 94.00 | 110.00 | NOTE | |
r-patched-linux-x86_64 | 0.4 | 16.57 | 99.00 | 115.57 | NOTE | |
r-release-linux-x86_64 | 0.4 | 16.14 | 99.79 | 115.93 | NOTE | |
r-release-macos-arm64 | 0.4 | 45.00 | NOTE | |||
r-release-macos-x86_64 | 0.4 | 76.00 | NOTE | |||
r-release-windows-x86_64 | 0.4 | 19.00 | 106.00 | 125.00 | NOTE | |
r-oldrel-macos-arm64 | 0.4 | 42.00 | NOTE | |||
r-oldrel-macos-x86_64 | 0.4 | 76.00 | NOTE | |||
r-oldrel-windows-x86_64 | 0.4 | 19.00 | 108.00 | 127.00 | NOTE |
Version: 0.4
Check: LazyData
Result: NOTE
'LazyData' is specified without a 'data' directory
Flavors: r-devel-linux-x86_64-debian-clang, r-devel-linux-x86_64-debian-gcc, r-devel-linux-x86_64-fedora-clang, r-devel-linux-x86_64-fedora-gcc, r-devel-windows-x86_64, r-patched-linux-x86_64, r-release-linux-x86_64, r-release-macos-arm64, r-release-macos-x86_64, r-release-windows-x86_64, r-oldrel-macos-arm64, r-oldrel-macos-x86_64, r-oldrel-windows-x86_64