CRAN Package Check Results for Package mapdata

Last updated on 2023-06-09 11:57:28 CEST.

Flavor Version Tinstall Tcheck Ttotal Status Flags
r-devel-linux-x86_64-debian-clang 2.3.1 16.80 24.48 41.28 OK
r-devel-linux-x86_64-debian-gcc 2.3.1 12.79 19.22 32.01 OK
r-devel-linux-x86_64-fedora-clang 2.3.1 51.42 NOTE
r-devel-linux-x86_64-fedora-gcc 2.3.1 50.23 OK
r-devel-windows-x86_64 2.3.1 22.00 42.00 64.00 NOTE
r-patched-linux-x86_64 2.3.1 17.30 23.93 41.23 OK
r-release-linux-x86_64 2.3.1 15.23 23.70 38.93 OK
r-release-macos-arm64 2.3.1 28.00 NOTE
r-release-macos-x86_64 2.3.1 46.00 NOTE
r-release-windows-x86_64 2.3.1 21.00 41.00 62.00 NOTE
r-oldrel-macos-arm64 2.3.1 30.00 NOTE
r-oldrel-macos-x86_64 2.3.1 44.00 NOTE
r-oldrel-windows-x86_64 2.3.1 57.00 43.00 100.00 NOTE

Check Details

Version: 2.3.1
Check: installed package size
Result: NOTE
     installed size is 33.5Mb
     sub-directories of 1Mb or more:
     mapdata 33.4Mb
Flavors: r-devel-linux-x86_64-fedora-clang, r-devel-windows-x86_64, r-release-macos-arm64, r-release-macos-x86_64, r-release-windows-x86_64, r-oldrel-macos-arm64, r-oldrel-macos-x86_64, r-oldrel-windows-x86_64