CRAN Package Check Results for Package matrixStats

Last updated on 2021-06-15 17:50:28 CEST.

Flavor Version Tinstall Tcheck Ttotal Status Flags
r-devel-linux-x86_64-debian-clang 0.59.0 158.90 201.50 360.40 OK
r-devel-linux-x86_64-debian-gcc 0.59.0 107.62 150.53 258.15 OK
r-devel-linux-x86_64-fedora-clang 0.59.0 476.74 NOTE
r-devel-linux-x86_64-fedora-gcc 0.59.0 447.98 OK
r-devel-windows-x86_64 0.59.0 216.00 245.00 461.00 OK
r-devel-windows-x86_64-gcc10-UCRT 0.59.0 OK
r-patched-linux-x86_64 0.59.0 130.98 192.63 323.61 OK
r-patched-solaris-x86 0.59.0 880.90 NOTE
r-release-linux-x86_64 0.59.0 131.57 193.27 324.84 OK
r-release-macos-arm64 0.58.0 NOTE
r-release-macos-x86_64 0.59.0 NOTE
r-release-windows-ix86+x86_64 0.59.0 404.00 448.00 852.00 NOTE
r-oldrel-macos-x86_64 0.59.0 NOTE
r-oldrel-windows-ix86+x86_64 0.59.0 324.00 458.00 782.00 NOTE

Check Details

Version: 0.59.0
Check: installed package size
Result: NOTE
     installed size is 10.5Mb
     sub-directories of 1Mb or more:
     libs 9.7Mb
Flavors: r-devel-linux-x86_64-fedora-clang, r-patched-solaris-x86, r-release-macos-x86_64, r-release-windows-ix86+x86_64, r-oldrel-macos-x86_64, r-oldrel-windows-ix86+x86_64

Version: 0.58.0
Check: installed package size
Result: NOTE
     installed size is 7.1Mb
     sub-directories of 1Mb or more:
     libs 6.4Mb
Flavor: r-release-macos-arm64