CRAN Package Check Results for Package modules

Last updated on 2022-11-30 23:54:44 CET.

Flavor Version Tinstall Tcheck Ttotal Status Flags
r-devel-linux-x86_64-debian-clang 0.10.0 3.02 37.52 40.54 NOTE
r-devel-linux-x86_64-debian-gcc 0.10.0 1.92 29.42 31.34 NOTE
r-devel-linux-x86_64-fedora-clang 0.10.0 60.39 NOTE
r-devel-linux-x86_64-fedora-gcc 0.10.0 118.76 NOTE
r-devel-windows-x86_64 0.10.0 32.00 128.00 160.00 NOTE
r-patched-linux-x86_64 0.10.0 2.53 36.35 38.88 NOTE
r-release-linux-x86_64 0.10.0 2.67 54.32 56.99 NOTE
r-release-macos-arm64 0.10.0 35.00 NOTE
r-release-macos-x86_64 0.10.0 54.00 NOTE
r-release-windows-x86_64 0.10.0 30.00 127.00 157.00 NOTE
r-oldrel-macos-arm64 0.10.0 52.00 NOTE
r-oldrel-macos-x86_64 0.10.0 102.00 NOTE
r-oldrel-windows-ix86+x86_64 0.10.0 7.00 66.00 73.00 NOTE

Check Details

Version: 0.10.0
Check: LazyData
Result: NOTE
     'LazyData' is specified without a 'data' directory
Flavors: r-devel-linux-x86_64-debian-clang, r-devel-linux-x86_64-debian-gcc, r-devel-linux-x86_64-fedora-clang, r-devel-linux-x86_64-fedora-gcc, r-devel-windows-x86_64, r-patched-linux-x86_64, r-release-linux-x86_64, r-release-macos-arm64, r-release-macos-x86_64, r-release-windows-x86_64, r-oldrel-macos-arm64, r-oldrel-macos-x86_64, r-oldrel-windows-ix86+x86_64