Last updated on 2023-03-24 23:52:13 CET.
Flavor | Version | Tinstall | Tcheck | Ttotal | Status | Flags |
---|---|---|---|---|---|---|
r-devel-linux-x86_64-debian-clang | 0.2.0 | 3.75 | 39.36 | 43.11 | WARN | |
r-devel-linux-x86_64-debian-gcc | 0.2.0 | 3.20 | 30.12 | 33.32 | WARN | |
r-devel-linux-x86_64-fedora-clang | 0.2.0 | 57.42 | WARN | |||
r-devel-linux-x86_64-fedora-gcc | 0.2.0 | 54.60 | WARN | |||
r-patched-linux-x86_64 | 0.2.0 | 4.16 | 40.22 | 44.38 | OK | |
r-release-linux-x86_64 | 0.2.0 | 3.49 | 39.24 | 42.73 | OK | |
r-release-macos-arm64 | 0.2.0 | 22.00 | OK | |||
r-release-macos-x86_64 | 0.2.0 | 29.00 | OK | |||
r-release-windows-x86_64 | 0.2.0 | 22.00 | 75.00 | 97.00 | OK | |
r-oldrel-macos-arm64 | 0.2.0 | 23.00 | OK | |||
r-oldrel-macos-x86_64 | 0.2.0 | 33.00 | OK | |||
r-oldrel-windows-ix86+x86_64 | 0.2.0 | 9.00 | 77.00 | 86.00 | OK |
Version: 0.2.0
Check: S3 generic/method consistency
Result: WARN
vec_ptype_abbr:
function(x, ..., prefix_named, suffix_shape)
vec_ptype_abbr.navigatr_nav_menu:
function(x)
vec_ptype_abbr:
function(x, ..., prefix_named, suffix_shape)
vec_ptype_abbr.navigatr_nav_input:
function(x)
See section ‘Generic functions and methods’ in the ‘Writing R
Extensions’ manual.
Flavors: r-devel-linux-x86_64-debian-clang, r-devel-linux-x86_64-debian-gcc, r-devel-linux-x86_64-fedora-clang, r-devel-linux-x86_64-fedora-gcc