Last updated on 2025-01-13 17:50:39 CET.
Flavor | Version | Tinstall | Tcheck | Ttotal | Status | Flags |
---|---|---|---|---|---|---|
r-devel-linux-x86_64-debian-clang | 0.5.8 | 1.81 | 31.04 | 32.85 | NOTE | |
r-devel-linux-x86_64-debian-gcc | 0.5.8 | 1.39 | 24.84 | 26.23 | NOTE | |
r-devel-linux-x86_64-fedora-clang | 0.5.8 | 55.20 | NOTE | |||
r-devel-linux-x86_64-fedora-gcc | 0.5.8 | 67.00 | NOTE | |||
r-devel-windows-x86_64 | 0.5.8 | 3.00 | 53.00 | 56.00 | NOTE | |
r-patched-linux-x86_64 | 0.5.8 | 2.03 | 29.63 | 31.66 | NOTE | |
r-release-linux-x86_64 | 0.5.8 | 1.51 | 29.72 | 31.23 | NOTE | |
r-release-macos-arm64 | 0.5.8 | 24.00 | NOTE | |||
r-release-macos-x86_64 | 0.5.8 | 39.00 | NOTE | |||
r-release-windows-x86_64 | 0.5.8 | 3.00 | 51.00 | 54.00 | NOTE | |
r-oldrel-macos-arm64 | 0.5.8 | 30.00 | NOTE | |||
r-oldrel-macos-x86_64 | 0.5.8 | 34.00 | NOTE | |||
r-oldrel-windows-x86_64 | 0.5.8 | 4.00 | 51.00 | 55.00 | NOTE |
Version: 0.5.8
Check: package subdirectories
Result: NOTE
Problems with news in ‘NEWS.md’:
No news entries found.
Flavors: r-devel-linux-x86_64-debian-clang, r-devel-linux-x86_64-debian-gcc, r-devel-linux-x86_64-fedora-clang, r-devel-linux-x86_64-fedora-gcc, r-devel-windows-x86_64, r-patched-linux-x86_64, r-release-linux-x86_64, r-release-macos-arm64, r-release-macos-x86_64, r-release-windows-x86_64, r-oldrel-macos-arm64, r-oldrel-macos-x86_64, r-oldrel-windows-x86_64
Version: 0.5.8
Check: LazyData
Result: NOTE
'LazyData' is specified without a 'data' directory
Flavors: r-patched-linux-x86_64, r-release-linux-x86_64, r-release-macos-arm64, r-release-macos-x86_64, r-release-windows-x86_64, r-oldrel-macos-arm64, r-oldrel-macos-x86_64, r-oldrel-windows-x86_64