CRAN Package Check Results for Package rmdpartials

Last updated on 2023-06-04 17:54:43 CEST.

Flavor Version Tinstall Tcheck Ttotal Status Flags
r-devel-linux-x86_64-debian-clang 0.5.8 1.68 29.58 31.26 NOTE
r-devel-linux-x86_64-debian-gcc 0.5.8 1.87 23.06 24.93 NOTE
r-devel-linux-x86_64-fedora-clang 0.5.8 42.14 NOTE
r-devel-linux-x86_64-fedora-gcc 0.5.8 49.12 NOTE
r-devel-windows-x86_64 0.5.8 4.00 49.00 53.00 NOTE
r-patched-linux-x86_64 0.5.8 2.60 27.83 30.43 NOTE
r-release-linux-x86_64 0.5.8 1.47 27.93 29.40 NOTE
r-release-macos-arm64 0.5.8 30.00 NOTE
r-release-macos-x86_64 0.5.8 34.00 NOTE
r-release-windows-x86_64 0.5.8 4.00 48.00 52.00 NOTE
r-oldrel-macos-arm64 0.5.8 19.00 NOTE
r-oldrel-macos-x86_64 0.5.8 26.00 NOTE
r-oldrel-windows-x86_64 0.5.8 4.00 52.00 56.00 NOTE

Check Details

Version: 0.5.8
Check: package subdirectories
Result: NOTE
    Problems with news in ‘NEWS.md’:
    No news entries found.
Flavors: r-devel-linux-x86_64-debian-clang, r-devel-linux-x86_64-debian-gcc, r-devel-linux-x86_64-fedora-clang, r-devel-linux-x86_64-fedora-gcc, r-devel-windows-x86_64, r-patched-linux-x86_64, r-release-linux-x86_64, r-release-macos-arm64, r-release-macos-x86_64, r-release-windows-x86_64

Version: 0.5.8
Check: LazyData
Result: NOTE
     'LazyData' is specified without a 'data' directory
Flavors: r-devel-linux-x86_64-debian-clang, r-devel-linux-x86_64-debian-gcc, r-devel-linux-x86_64-fedora-clang, r-devel-linux-x86_64-fedora-gcc, r-devel-windows-x86_64, r-patched-linux-x86_64, r-release-linux-x86_64, r-release-macos-arm64, r-release-macos-x86_64, r-release-windows-x86_64, r-oldrel-macos-arm64, r-oldrel-macos-x86_64, r-oldrel-windows-x86_64