Last updated on 2024-03-29 06:56:38 CET.
Flavor | Version | Tinstall | Tcheck | Ttotal | Status | Flags |
---|---|---|---|---|---|---|
r-devel-linux-x86_64-debian-clang | 1.1.1 | 11.17 | 122.40 | 133.57 | NOTE | |
r-devel-linux-x86_64-debian-gcc | 1.1.1 | 11.46 | 90.27 | 101.73 | NOTE | |
r-devel-linux-x86_64-fedora-clang | 1.1.1 | 432.18 | NOTE | |||
r-devel-linux-x86_64-fedora-gcc | 1.1.1 | 447.16 | NOTE | |||
r-devel-windows-x86_64 | 1.1.1 | 46.00 | 406.00 | 452.00 | NOTE | |
r-patched-linux-x86_64 | 1.1.1 | 13.52 | 114.05 | 127.57 | NOTE | |
r-release-linux-x86_64 | 1.1.1 | 9.95 | 115.76 | 125.71 | OK | |
r-release-macos-arm64 | 1.1.1 | 61.00 | OK | |||
r-release-macos-x86_64 | 1.1.1 | 101.00 | OK | |||
r-release-windows-x86_64 | 1.1.1 | 16.00 | 121.00 | 137.00 | OK | |
r-oldrel-macos-arm64 | 1.1.1 | 56.00 | OK | |||
r-oldrel-windows-x86_64 | 1.1.1 | 17.00 | 124.00 | 141.00 | OK |
Version: 1.1.1
Check: Rd files
Result: NOTE
checkRd: (-1) R2_lik.Rd:37: Lost braces; missing escapes or markup?
37 | \code{R2_lik()} is also computed for LMMs and GLMMs in the {MuMIn} package.
| ^
checkRd: (-1) R2_pred.Rd:32: Lost braces; missing escapes or markup?
32 | Note that the version of \code{binaryPGLMM()} in the package ape is replaced by a version contained within {rr2} that outputs all of the required information for the calculation of R2_resid.
| ^
checkRd: (-1) R2_resid.Rd:69: Lost braces; missing escapes or markup?
69 | Note that the version of \code{binaryPGLMM()} in the package ape is replaced by a version contained within {rr2} that outputs all of the required information for the calculation of \code{R2_resid()}
| ^
Flavors: r-devel-linux-x86_64-debian-clang, r-devel-linux-x86_64-debian-gcc, r-devel-linux-x86_64-fedora-clang, r-devel-linux-x86_64-fedora-gcc, r-devel-windows-x86_64, r-patched-linux-x86_64