CRAN Package Check Results for Package rtemps

Last updated on 2023-12-11 12:52:24 CET.

Flavor Version Tinstall Tcheck Ttotal Status Flags
r-devel-linux-x86_64-debian-clang 0.8.0 1.84 22.16 24.00 NOTE
r-devel-linux-x86_64-debian-gcc 0.8.0 1.59 17.30 18.89 NOTE
r-devel-linux-x86_64-fedora-clang 0.8.0 31.19 NOTE
r-devel-linux-x86_64-fedora-gcc 0.8.0 29.47 NOTE
r-devel-windows-x86_64 0.8.0 3.00 44.00 47.00 NOTE
r-patched-linux-x86_64 0.8.0 1.72 22.63 24.35 NOTE
r-release-linux-x86_64 0.8.0 1.56 21.97 23.53 NOTE
r-release-macos-arm64 0.8.0 15.00 NOTE
r-release-macos-x86_64 0.8.0 21.00 NOTE
r-release-windows-x86_64 0.8.0 4.00 43.00 47.00 NOTE
r-oldrel-macos-arm64 0.8.0 16.00 NOTE
r-oldrel-macos-x86_64 0.8.0 27.00 NOTE
r-oldrel-windows-x86_64 0.8.0 4.00 47.00 51.00 NOTE

Check Details

Version: 0.8.0
Check: LazyData
Result: NOTE 'LazyData' is specified without a 'data' directory Flavors: r-devel-linux-x86_64-debian-clang, r-devel-linux-x86_64-debian-gcc, r-devel-linux-x86_64-fedora-clang, r-devel-linux-x86_64-fedora-gcc, r-devel-windows-x86_64, r-patched-linux-x86_64, r-release-linux-x86_64, r-release-macos-arm64, r-release-macos-x86_64, r-release-windows-x86_64, r-oldrel-macos-arm64, r-oldrel-macos-x86_64, r-oldrel-windows-x86_64