CRAN Package Check Results for Package rtemps

Last updated on 2024-07-19 17:54:40 CEST.

Flavor Version Tinstall Tcheck Ttotal Status Flags
r-devel-linux-x86_64-debian-clang 0.8.0 1.68 23.02 24.70 NOTE
r-devel-linux-x86_64-debian-gcc 0.8.0 1.57 17.74 19.31 NOTE
r-devel-linux-x86_64-fedora-clang 0.8.0 33.56 NOTE
r-devel-linux-x86_64-fedora-gcc 0.8.0 32.07 NOTE
r-devel-windows-x86_64 0.8.0 5.00 45.00 50.00 NOTE
r-patched-linux-x86_64 0.8.0 2.08 22.20 24.28 NOTE
r-release-linux-x86_64 0.8.0 2.09 22.40 24.49 NOTE
r-release-macos-arm64 0.8.0 15.00 NOTE
r-release-macos-x86_64 0.8.0 23.00 NOTE
r-release-windows-x86_64 0.8.0 5.00 45.00 50.00 NOTE
r-oldrel-macos-arm64 0.8.0 15.00 NOTE
r-oldrel-macos-x86_64 0.8.0 21.00 NOTE
r-oldrel-windows-x86_64 0.8.0 4.00 45.00 49.00 NOTE

Check Details

Version: 0.8.0
Check: LazyData
Result: NOTE 'LazyData' is specified without a 'data' directory Flavors: r-devel-linux-x86_64-debian-clang, r-devel-linux-x86_64-debian-gcc, r-devel-linux-x86_64-fedora-clang, r-devel-linux-x86_64-fedora-gcc, r-devel-windows-x86_64, r-patched-linux-x86_64, r-release-linux-x86_64, r-release-macos-arm64, r-release-macos-x86_64, r-release-windows-x86_64, r-oldrel-macos-arm64, r-oldrel-macos-x86_64, r-oldrel-windows-x86_64