CRAN Package Check Results for Package solitude

Last updated on 2023-03-30 17:52:44 CEST.

Flavor Version Tinstall Tcheck Ttotal Status Flags
r-devel-linux-x86_64-debian-clang 1.1.3 3.76 33.85 37.61 OK
r-devel-linux-x86_64-debian-gcc 1.1.3 2.98 25.45 28.43 OK
r-devel-linux-x86_64-fedora-clang 1.1.3 46.08 NOTE
r-devel-linux-x86_64-fedora-gcc 1.1.3 46.91 NOTE
r-patched-linux-x86_64 1.1.3 2.86 31.46 34.32 OK
r-release-linux-x86_64 1.1.3 3.11 33.18 36.29 OK
r-release-macos-arm64 1.1.3 19.00 NOTE
r-release-macos-x86_64 1.1.3 24.00 NOTE
r-release-windows-x86_64 1.1.3 12.00 63.00 75.00 OK
r-oldrel-macos-arm64 1.1.3 22.00 NOTE
r-oldrel-macos-x86_64 1.1.3 25.00 NOTE
r-oldrel-windows-ix86+x86_64 1.1.3 8.00 59.00 67.00 OK

Check Details

Version: 1.1.3
Check: dependencies in R code
Result: NOTE
    Namespaces in Imports field not imported from:
     ‘R6’ ‘lgr’
     All declared Imports should be used.
Flavors: r-devel-linux-x86_64-fedora-clang, r-devel-linux-x86_64-fedora-gcc, r-release-macos-arm64, r-release-macos-x86_64, r-oldrel-macos-arm64, r-oldrel-macos-x86_64