Last updated on 2024-04-20 00:04:43 CEST.
Flavor | Version | Tinstall | Tcheck | Ttotal | Status | Flags |
---|---|---|---|---|---|---|
r-devel-linux-x86_64-debian-clang | 0.1.0 | 14.28 | 81.67 | 95.95 | OK | |
r-devel-linux-x86_64-debian-gcc | 0.1.0 | OK | ||||
r-devel-linux-x86_64-fedora-clang | 0.1.0 | 121.63 | NOTE | |||
r-devel-linux-x86_64-fedora-gcc | 0.1.0 | 112.35 | NOTE | |||
r-prerel-macos-arm64 | 0.1.0 | 36.00 | OK | |||
r-prerel-windows-x86_64 | 0.1.0 | 10.00 | 79.00 | 89.00 | OK | |
r-patched-linux-x86_64 | 0.1.0 | 10.49 | 79.90 | 90.39 | OK | |
r-release-linux-x86_64 | 0.1.0 | 7.28 | 80.13 | 87.41 | OK | |
r-release-macos-arm64 | 0.1.0 | 38.00 | OK | |||
r-release-macos-x86_64 | 0.1.0 | 58.00 | OK | |||
r-release-windows-x86_64 | 0.1.0 | 13.00 | 94.00 | 107.00 | OK | |
r-oldrel-macos-arm64 | 0.1.0 | 35.00 | NOTE | |||
r-oldrel-windows-x86_64 | 0.1.0 | 16.00 | 100.00 | 116.00 | OK |
Version: 0.1.0
Check: dependencies in R code
Result: NOTE
Namespaces in Imports field not imported from:
‘R6’ ‘crosstalk’
All declared Imports should be used.
Flavors: r-devel-linux-x86_64-fedora-clang, r-devel-linux-x86_64-fedora-gcc, r-oldrel-macos-arm64