CRAN Package Check Results for Package uwot

Last updated on 2022-08-17 12:55:30 CEST.

Flavor Version Tinstall Tcheck Ttotal Status Flags
r-devel-linux-x86_64-debian-clang 0.1.11 88.18 169.88 258.06 OK
r-devel-linux-x86_64-debian-gcc 0.1.11 OK
r-devel-linux-x86_64-fedora-clang 0.1.13 416.99 OK
r-devel-linux-x86_64-fedora-gcc 0.1.13 421.61 OK
r-devel-windows-x86_64 0.1.13 295.00 188.00 483.00 OK
r-patched-linux-x86_64 0.1.11 90.89 160.26 251.15 OK
r-release-linux-x86_64 0.1.11 89.65 159.00 248.65 OK
r-release-macos-arm64 0.1.13 130.00 NOTE
r-release-macos-x86_64 0.1.11 121.00 NOTE
r-release-windows-x86_64 0.1.11 81.00 227.00 308.00 OK
r-oldrel-macos-arm64 0.1.13 116.00 NOTE
r-oldrel-macos-x86_64 0.1.11 118.00 NOTE
r-oldrel-windows-ix86+x86_64 0.1.11 210.00 311.00 521.00 OK

Check Details

Version: 0.1.13
Check: installed package size
Result: NOTE
     installed size is 23.0Mb
     sub-directories of 1Mb or more:
     libs 22.5Mb
Flavors: r-release-macos-arm64, r-oldrel-macos-arm64

Version: 0.1.11
Check: installed package size
Result: NOTE
     installed size is 16.1Mb
     sub-directories of 1Mb or more:
     libs 15.7Mb
Flavors: r-release-macos-x86_64, r-oldrel-macos-x86_64